et l be 34/3*6/(-4). Let r = -9 - l. Suppose 4*c = -r + 24. What is the units digit of c?
4
Let c(f) = f**3 - 8*f**2 + 6*f - 2. Let i = 8 - 6. Suppose 2*t = -4*g + 12 + 18, 5*g = i*t + 42. What is the tens digit of c(g)?
4
Let m(z) = 749*z**3 + 2*z**2 + 12*z - 13. What is the tens digit of m(1)?
5
Let n(y) be the second derivative of -y**3/6 + 11*y**2/2 + 4*y. Suppose 35 = 5*i + 5. What is the units digit of n(i)?
5
Suppose -4*c = -217 - 299. What is the hundreds digit of c?
1
Let m = 42 - -257. Suppose 6*k = 139 + m. What is the units digit of k?
3
Let o = -13 + 6. Let t be (-758)/o - (-2)/(-7). What is the units digit of 1/(-4*(-3)/t)?
9
What is the tens digit of (-247 + 0 + -7)/(-1)?
5
Suppose -1463 = -y - 6*y. Suppose 2*a - 4*v - 319 = -3*a, y = 3*a + 2*v. What is the units digit of a?
7
Let c = 113 - -19. Suppose 4*v - r = -3*r + c, 5*v + 2*r - 164 = 0. What is the units digit of v?
2
Let a(l) = 0*l**2 + 3*l + 9*l**2 - 1 - 2. Let d be a(4). Suppose 4*k - d = 71. What is the units digit of k?
6
Let l(v) = 4*v**2 + 30*v - 145. What is the units digit of l(20)?
5
Suppose 7*j + 81169 = 54*j. What is the thousands digit of j?
1
Let g(u) = -u**3 + 10*u**2 + 9*u + 26. Let n be g(11). Suppose -n*d + 11 = -25. What is the units digit of d?
9
Suppose -8*b + 9*b = -2. What is the tens digit of (3 - 6 - -73) + b?
6
Let m = 51 + -49. What is the tens digit of 730/20 + m/(-4)?
3
Suppose -6945 = -5*y - 134*t + 131*t, 0 = 5*t + 25. What is the tens digit of y?
9
Let p = -97 + 58. Let z = 122 + -57. Let m = z + p. What is the tens digit of m?
2
Suppose y + 142 = 3*y. Suppose 0 = -f + w + y + 84, 440 = 3*f + 2*w. What is the hundreds digit of f?
1
Let u be 12/30 + (-22)/5. Let j be 0*(-1 + (-4 - u)). Suppose -4*q + 128 = -j*q - 4*x, -88 = -4*q - 4*x. What is the tens digit of q?
2
Suppose 0 = 5*q - 0*q. Suppose q = -5*y - 2*p + 60, -3*y + 48 = y - p. Let i(z) = -z**3 + 13*z**2 - 10*z - 11. What is the tens digit of i(y)?
1
Let f(d) = -d**3 - 3*d**2 - 2*d. Suppose j + 4 = 2. Let q be f(j). Suppose q = z + z - 58. What is the tens digit of z?
2
Let t(p) = -p + 21. Let j(q) = 1. Let g(c) = 6*j(c) + 2*t(c). What is the tens digit of g(0)?
4
What is the tens digit of (55/10 - 7)*-24?
3
Suppose 0 = 5*t + 21*b - 17*b - 2337, t - b - 462 = 0. What is the units digit of t?
5
Let d(o) be the third derivative of 5*o**4/12 + o**3/2 - 11*o**2. What is the units digit of d(7)?
3
What is the hundreds digit of 2 + 18560/26 - (-96)/624?
7
Let b(d) = -8*d**2 - 3*d - 17. Let j be b(-5). Let r = -125 - j. What is the units digit of r?
7
Let r(i) = -i**2 + 5*i + 5. Let g = 11 - 6. Let m be r(g). Suppose -m*b + 2*j + 167 = 0, 15 + 17 = b + j. What is the tens digit of b?
3
Let d be 33 - (-3 - -2)/1. Suppose 2*n - 27 = -t + 59, 4*t = n - d. Suppose -3*s + 6 = -n. What is the units digit of s?
6
Let i = -15 + 50. Suppose -i*p + 31*p + 640 = 0. What is the units digit of p?
0
Suppose -4*c + 9791 - 1791 = 4*m, -20 = -5*m. What is the hundreds digit of c?
9
Let m(b) = b**2 - 6*b - 5. Let k be m(7). Let x(y) = 19*y**2 - 5*y + 1. What is the units digit of x(k)?
7
Suppose 0 = 7*l - 15925 - 5565. What is the units digit of l?
0
Suppose 16 = a - 15. Let t = 8 + -5. Suppose t*m - 53 - a = 0. What is the tens digit of m?
2
What is the units digit of 105/91 + 4 + (-2)/13?
5
Suppose -2*x = -3*x + 2*f + 3, -3*x = 5*f - 20. Suppose x*h = 3 + 7. Suppose -5*z + 3*q + 77 = -0*z, 4*z = h*q + 60. What is the tens digit of z?
1
Let x be -4*(-2 + 3 - 2). Suppose -2*z = -3*z - 4*w - 24, -x*w = -z + 8. Let a = 13 - z. What is the units digit of a?
1
Suppose 4*i - 2 = 6, 2*p = -i - 40. Let v be 16/6*p/2. What is the tens digit of 42/4*v/(-21)?
1
Let y = 1729 + -937. What is the hundreds digit of y?
7
Let z(b) = 13*b**2. Let x be (3/(9/(-3)))/(-1). Let u be z(x). Let m = u + 7. What is the units digit of m?
0
Let q(i) = 73*i**2 + 134*i - 1. What is the units digit of q(-6)?
3
Let p(h) = h**3 - 7*h**2 + 2*h - 3. Let q be p(7). Let u(g) = -g + 1. Let b(m) = m**2 - 4*m - 2. Let v(l) = b(l) + 5*u(l). What is the units digit of v(q)?
5
Let f be ((-236)/8)/((-4)/8). Suppose 2*u - 29 - f = 0. What is the units digit of u?
4
Let d be (-1)/((-6)/9 + 1). What is the units digit of -1 + 62/(-6)*d?
0
Let z(d) = 4*d + 619. What is the tens digit of z(0)?
1
Let m = -29 - -32. Suppose -209 = -2*l + m*i, l - 2*i = -0*l + 107. What is the units digit of l?
7
Suppose 58*a + 30650 = 205636. What is the thousands digit of a?
3
Suppose 4*d = q - 1152 + 196, 0 = 5*q - 2*d - 4726. What is the tens digit of q?
4
Suppose -3*b = -u - 7577, 935 = b - 4*u - 1609. What is the tens digit of b?
2
Let u be (-3 + -3)/((-7)/(-28)). What is the tens digit of (-5 - -3)/(2/u)?
2
Suppose 3*x + 8 = 5*x. Suppose 2*l - x = -16. What is the units digit of -2*-1*(-63)/l?
1
Let p = 6010 + -3508. What is the tens digit of p?
0
Suppose 2465 = 10*b - 1975. What is the tens digit of b?
4
Suppose -7 = -2*j - z, j - 3*j + 4 = 4*z. Let b = 4 + j. What is the units digit of b?
8
What is the tens digit of (-3 - -2) + (-1 - (-4090 + 4))?
8
Suppose 12 = -4*t - t + 2*p, t = 5*p - 7. Let o be -3 - -1*16/t. What is the units digit of -6 + 5 - (o + 2)?
8
Let l(c) = -c**3 + 9*c**2 + 11*c - 8. Let v be l(10). Suppose 8*t = v*t + 516. What is the units digit of t?
6
Let f be (36/8 - 4)*-18. Let k(q) = 8*q + 286*q**2 - 276*q**2 - 2 + 8 + q**3. What is the units digit of k(f)?
5
Suppose 0 = -2*j + 7*j. Suppose 5 = 4*h - 5*v - 32, -h - 5*v - 22 = j. What is the units digit of h?
3
Suppose -w = 6*j - 4*j - 156, 4*w - 633 = -5*j. Suppose -w = -2*h + 30. What is the tens digit of (6/8)/(2/h)?
3
Let w be ((-8)/(-20))/(2/40). Let t(c) = 2*c - 12. Let y be t(w). Suppose -y*n + 138 - 18 = 0. What is the units digit of n?
0
Let h(i) = -2*i**2 - 85*i + 36. What is the units digit of h(-42)?
8
Suppose -11 = -4*p - 3. Let h(j) = -3*j + 0*j + 6 + p + 2*j. What is the units digit of h(0)?
8
Let s = -13 + 37. What is the units digit of s?
4
Suppose -35*u = -4133 - 15187. What is the tens digit of u?
5
Suppose -2*y - n + 143 = 0, -y + 4*n + 101 - 25 = 0. What is the tens digit of y?
7
Suppose 9 - 11 = -r. Let n be r/(-2) + (-1)/(-1). Suppose 263 = 5*x - 3*q + 27, -3*x + 4*q + 135 = n. What is the units digit of x?
9
Suppose 19*v - 5 = -176. Let u = v + 73. What is the tens digit of u?
6
Let a(y) = y**2 + 13*y. Let q be a(7). Suppose 0 = h + 4*i - 56, -84 - q = -4*h + 2*i. What is the tens digit of (-5 - -2)*h/(-6)?
2
Suppose 6*g = 5*g - 35. Let u = -13 - g. What is the units digit of u?
2
Let q = -371 + 1465. What is the thousands digit of q?
1
Suppose -4 + 1 = -c. Let h be (2 + (-2 - 1))/(-1*1). Let i = c - h. What is the units digit of i?
2
Let b = 41 - 7. Suppose -b = -3*s + 17. What is the tens digit of s - 7/(21/6)?
1
Let b(c) be the first derivative of 5*c**4/3 - c**3/3 - c**2 - 7*c + 7. Let o(h) be the first derivative of b(h). What is the tens digit of o(-1)?
2
Suppose 16 = 3*o + 5*n, -2*n + 8 = 4*o - 2*o. Suppose 0 = o*w - 2*d - 10, -4*w + 4*d + d + 16 = 0. What is the units digit of w?
9
Suppose -2251 = -4*o + 3*o. Suppose -7231 = -5*a - o. What is the tens digit of (-4)/22 + a/33?
3
Let v(u) = -5 + 3 - 12*u + 9*u + 7*u. Suppose 14 = 3*p + 2. What is the tens digit of v(p)?
1
Let d be 1 - (-5 + 3) - (1 + -36). Suppose -2*p - 3*u + 29 = -d, -4*p = -5*u - 79. What is the units digit of p?
6
Suppose -565 = 19*w - 2560. What is the units digit of w?
5
What is the thousands digit of 3059/2 + (-4)/8?
1
Suppose -q + 12 = -0*q. Suppose q = s - 28. What is the units digit of s?
0
Let c(r) = -2*r - 18. Let t be c(-11). Suppose k + t*k = 10. What is the units digit of k?
2
Let m(a) = 10*a**2 - 2*a. Let z(l) = -19*l**2 + 3*l + 1. Let j(o) = 5*m(o) + 2*z(o). What is the units digit of j(2)?
2
Suppose 0 = 12*i - 9*i + 231. Let y = -51 - i. Suppose -2*r + y = -6. What is the tens digit of r?
1
Suppose 36 = -l + 3*l. Let u = l - 18. Suppose u = -4*i - 0*i + 84. What is the units digit of i?
1
Suppose 0 = -2*p + 4*u + 12, 0*p = p - u - 5. What is the units digit of p/14 - 23232/(-224)?
4
Let r(j) = 3*j**2 - 6. Let q be r(2). Suppose q*f - 64 = 158. What is the tens digit of f?
3
Let t(y) = 23*y + 8. Let n be t(5). What is the units digit of (-3)/36*-4*n?
1
Suppose -10*l + 14478 = -4*